ppose 35 = 2*w + 3*w. Let z be l(w). Suppose z = g - 5*g + 16. Calculate the greatest common divisor of 10 and g.
2
Let m = -94 + 120. What is the highest common divisor of 26 and m?
26
Let o be (-4)/((-16)/(-6))*-2. Let i be (2 + (-5 + -5 - -5))*-2. Calculate the highest common divisor of o and i.
3
Suppose -v + 1363 = 3*q, -2*q - 4*v + 84 + 828 = 0. Suppose -2*t - 3*t + 2*w = -q, w + 362 = 4*t. What is the highest common factor of 10 and t?
10
Let o(g) = g**2 - 5*g + 2. Let l be 15/(-35) + (-25)/7. Let c be o(l). Let a = -26 + c. Calculate the greatest common divisor of 18 and a.
6
Let d(k) = 2*k**2 - 8*k. Let f be d(5). Let t(n) = 7*n**3 - 2*n - 1. Let a be t(-1). Let p = a - -11. Calculate the highest common divisor of f and p.
5
Suppose -4*l + 12 = -0*l. Suppose 3*s - c - 22 = 0, -1 = -l*c + 4*c. What is the greatest common factor of 35 and s?
7
Let v = 1374 + -1293. Calculate the highest common factor of 459 and v.
27
Let n(u) = 3*u - u**2 + u - 16*u - 67 + 59. Suppose 0 = -5*j + 25, 0 = 4*g + 3*j + 2 - 1. Let t be n(g). What is the highest common factor of 168 and t?
24
Suppose -2*z + 4*n = -820, 2*n + 345 = 2*z - 471. What is the greatest common divisor of z and 14?
14
Let o = 323 - 228. Suppose -3*w - 2*w = -2*m + 48, 4*w = -3*m + o. Calculate the highest common factor of m and 261.
29
Let f(r) = -2*r**2 + r + 198. Let p be f(0). Let w(y) = -y**2 - 3*y + 18. Let k be w(0). What is the greatest common divisor of p and k?
18
Suppose 5*v = 2*a + 114, a = 5*v - 3*a - 118. Let c be (-12 - (-3)/3) + -3. Let w = c - -47. What is the greatest common factor of v and w?
11
Let h = 197 + -187. Suppose 0 = -0*y + 5*y - 2*v - 35, 2*v = 0. Let i be 57/y - h/70. Calculate the highest common divisor of 20 and i.
4
Suppose 2*h + 24*v = 20*v + 204, h - 111 = v. What is the greatest common divisor of h and 72?
36
Let a be -2*(-4)/(16/18). Suppose 0 = 5*h - 6 - 14. Suppose m = h*m - 54. Calculate the highest common factor of m and a.
9
Let v(k) = -20*k - 30*k**2 - k**3 + 6 - 30*k**2 + 54*k**2. Let l be v(-6). Calculate the greatest common factor of 14 and l.
14
Let o(t) = t**3 + 9*t**2 + 8*t + 4. Let b be o(-6). Let h = 158 - 150. What is the highest common factor of h and b?
8
Suppose -30*n - 7*n + 9435 = 0. What is the highest common divisor of n and 153?
51
Let h(v) = -2*v**3 - 3 + v - 2*v**2 + 1 + 3 - 4*v. Let k be h(-5). Suppose -4*b + k = -0*b. Calculate the highest common divisor of 36 and b.
18
Suppose 12 = 2*p + 4. Suppose -p*f + 58 = 5*l, -3*f = 5*l - 36 - 10. Calculate the greatest common divisor of 12 and f.
12
Suppose -35 = -110*n + 103*n. What is the highest common factor of 19 and n?
1
Let c(a) = 2*a**2 - 6*a - 30. Let d be c(8). Let h = -9 + 48. Suppose 5*i - h = 3*v - 4, -4*i + 3*v + 25 = 0. What is the greatest common factor of d and i?
10
Suppose j + 5*h = 40, -34 = -4*j + 2*h + 60. Let y = -198 + 398. What is the greatest common divisor of j and y?
25
Let p = 12 - 7. Let t = -622 - -627. Calculate the highest common divisor of p and t.
5
Let r = 713 + -578. Let l = -20 - -74. What is the greatest common divisor of r and l?
27
Let y be (-53456)/(-30) + 6/45. Calculate the greatest common factor of y and 11.
11
Suppose 37 = -4*s - 15. Let y = 13 + s. Suppose k + 127 + 40 = 3*m, 2*m + 5*k - 100 = y. Calculate the greatest common divisor of m and 22.
11
Let j(a) = -a**3 + 22*a**2 - 54*a - 24. Let z be j(19). What is the highest common factor of z and 121?
11
Suppose -5*b + 170 = 25. Suppose -b = -a + 70. What is the greatest common factor of a and 11?
11
Suppose 1311 = 21*p - 831. Calculate the greatest common divisor of 153 and p.
51
Let a = 36 + 49. Calculate the highest common divisor of a and 5.
5
Let p = -15 - -17. Suppose 130 = 3*t - 5*f, -3*f + p = -f. What is the highest common divisor of t and 9?
9
Let d = -104 - -137. Calculate the highest common divisor of d and 12.
3
Suppose -13*j + 3*p = -10*j - 285, -2*p = -3*j + 283. Calculate the greatest common divisor of j and 12.
3
Let f(a) = -146*a + 1107. Let v be f(7). Let w be 1 + 34 + 2/(-2). Calculate the greatest common factor of v and w.
17
Let z be (-1154)/(-4)*(4 + -6). Let w = z + 808. What is the greatest common factor of 21 and w?
21
Suppose -2*b - 11 + 5 = 0. Let j = 6 + b. Suppose j*s - 4*o = 31, 4*s + 6*o = o. What is the highest common divisor of s and 25?
5
Suppose -2*p + 0*p = -72. Suppose 11*m + 60 = 12*m. Let z = m + -51. Calculate the greatest common divisor of p and z.
9
Let w be ((-68)/14 - -5) + 446/14. What is the highest common divisor of w and 1568?
32
Suppose 3*i + 5*z - 995 = 0, 1857 - 512 = 4*i + 3*z. Calculate the greatest common factor of i and 85.
85
Let m = -357 - -117. Let q = m + 416. Calculate the highest common factor of 16 and q.
16
Let q(a) = -a. Let o be q(-8). Suppose -2*r = 3*p + 646, -r - 2*r = 5*p + 968. Let u be (-3)/(r/80 - -4). What is the highest common divisor of o and u?
8
Suppose 67*v - 65*v = 2*u + 38, 4*u = -2*v + 14. Let j be (-10)/(11/(-3) + 3). Suppose -2*r = -r - j. What is the greatest common factor of v and r?
15
Suppose -q + 13 = 3*s - 5, 2*q = -s + 46. Calculate the greatest common divisor of 108 and q.
12
Let b(y) = 3*y**2 - 5*y + 3. Let x be ((-18)/(-2))/(45/15). Let c be b(x). What is the greatest common divisor of 90 and c?
15
Let t(j) = j**3 + 11*j**2 - 25*j + 13. Let a be t(-12). Let g be (1 - -11) + 1/1. Calculate the greatest common divisor of a and g.
13
Let x(r) = -r**3 + 3*r**2 + 5*r + 17. Let w be x(4). What is the highest common divisor of w and 1869?
21
Let q = 248 - -111. Let v = q + -204. Calculate the greatest common factor of v and 62.
31
Let i(a) be the second derivative of a**4/4 - a**3/3 - 15*a**2/2 + 23*a. Let n be i(-3). Calculate the highest common factor of n and 144.
18
Suppose -o + 8 + 0 = 0. Let r(c) = -c**2 + 4*c + 55. Let h be r(o). Calculate the highest common factor of 92 and h.
23
Let s = -3356 + 5148. Calculate the greatest common divisor of s and 14.
14
Let k = 57 - 33. Let f(w) = 2*w**2 - w. Let l be f(2). Calculate the greatest common factor of l and k.
6
Suppose -36 = -5*m + 4*n, -n = 2*m - m. Suppose -m*i = -5*i + 30. Suppose 0*j = j - i. What is the highest common factor of 15 and j?
15
Let w be 1/((-5)/1) + (-416)/(-80). Let h(j) = j**3 - 4*j**2 - j - 8. Let v be h(w). Let n be -6*3*2/(-3). What is the highest common factor of n and v?
12
Suppose -k - 3*o + 17 = -1, 4*o = -4*k + 32. Let w be 19 + 0 + k/1. Suppose -3*n + 95 = -70. What is the highest common divisor of n and w?
11
Let u be (-56)/35 - (-332)/20. What is the greatest common divisor of u and 1365?
15
Let g be 3*(85/15 - 4). Let x be (146/(-3) + 2)*(2 - g). What is the greatest common factor of 20 and x?
20
Suppose -85 = -4*k + o, -10*k - 3*o + 85 = -5*k. Suppose -5*w + 1 = -19. Calculate the greatest common divisor of k and w.
4
Suppose 32*l - 20 = 22*l. Suppose g = 5*g - 2*v - 186, l*g + 5*v = 87. Calculate the highest common factor of 23 and g.
23
Let z = 7 - 7. Suppose 0 = -2*m + 10, z*w - m - 265 = -5*w. Let f = w + -30. What is the highest common divisor of f and 36?
12
Suppose -v + 3*q = -19, -7 = -3*v + q - 2*q. Let x be 273/12 + 1/v. Let t be -2 + 160 + (2 - -1). What is the greatest common factor of x and t?
23
Suppose -15 = 4*n + n. Let c(l) = l**3 + 2*l**2 - 3*l + 4. Let h be c(n). Suppose -2*p + h*p = 38. Calculate the highest common divisor of p and 152.
19
Let x(s) be the third derivative of s**4/12 - s**3 + 35*s**2. Let p be x(6). Calculate the highest common factor of 48 and p.
6
Let t be (60/36)/(1/60). Let g = -93 + t. Let z be (-28)/(1 + 3/(-2)). What is the greatest common factor of z and g?
7
Let u = 86 - 67. What is the greatest common factor of 475 and u?
19
Let b be -4 + -2 + 3 + -4. Let m = b + 9. Let y be m/4 - (-2896)/32. Calculate the greatest common factor of 13 and y.
13
Let i(h) = 2*h - 3. Let n be i(-3). Let b be (-20)/(-8)*n*-2. Let w = 4 + 5. What is the highest common divisor of b and w?
9
Let z(l) = 4*l - 22. Let n be z(11). Let f(m) = m**2 - m + 88. Let y be f(0). Calculate the greatest common factor of y and n.
22
Suppose 529 = 9*t - 164. Let j be (-14)/t - (-200)/11. Calculate the highest common factor of 9 and j.
9
Suppose 6*a = a - d + 179, -d - 73 = -2*a. Suppose -3 - 37 = 10*